{"id":142,"date":"2013-03-21T16:19:39","date_gmt":"2013-03-21T16:19:39","guid":{"rendered":"http:\/\/www.zszubri.cz\/?page_id=142"},"modified":"2025-08-22T19:07:28","modified_gmt":"2025-08-22T17:07:28","slug":"projekty","status":"publish","type":"page","link":"https:\/\/www.zszubri.cz\/?page_id=142","title":{"rendered":"PROJEKTY"},"content":{"rendered":"<p>Z\u0160 Zub\u0159\u00ed \u00fa\u010dastn\u00ed t\u011bchto projekt\u016f:<\/p>\n<p><strong>P\u0158IJATO A REALIZOV\u00c1NO:<\/strong><\/p>\n<ul>\n<li>Projekt EVVO &#8211; Praktick\u00e1 v\u00fduka EVVO na Z\u0160 Zub\u0159\u00ed &#8211; financuje K\u00da Zl\u00edn<\/li>\n<li>Projekt OPVKEU &#8211; <a href=\"https:\/\/www.zszubri.cz\/?page_id=148\">informace zde<\/a><\/li>\n<li>Projekt EU Penize do \u0161kol &#8211; pod\u00e1no srpen 2010 &#8211; p\u0159ijato realizov\u00e1no od ledna 2011 &#8211; informace <a title=\"OPVKEU\" href=\"http:\/\/www.zszubri.cz\/?page_id=148\" target=\"_blank\" rel=\"noopener noreferrer\">zde<\/a><\/li>\n<li>Projekt v\u00fdzva 56 &#8211; <a href=\"http:\/\/www.zszubri.cz\/?page_id=4883\" target=\"_blank\" rel=\"noopener noreferrer\">informace zde<\/a><\/li>\n<li>Hodina pohybu nav\u00edc &#8211; <a href=\"http:\/\/www.zszubri.cz\/?p=5630\" target=\"_blank\" rel=\"noopener noreferrer\">informace zde<\/a><\/li>\n<li>\u0160ablony &#8211; projekt M\u0160MT &#8211; Podpora \u0161kol formou projekt\u016f zjednodu\u0161en\u00e9ho vykazov\u00e1n\u00ed<br \/>\n\u2013 \u0160ablony pro M\u0160 a Z\u0160 I&nbsp; v\u00fdzva \u010d. 22 &#8211; <a href=\"http:\/\/www.zszubri.cz\/?page_id=6383\" target=\"_blank\" rel=\"noopener noreferrer\">informace zde<\/a><\/li>\n<li>Projekt IROP &#8211; v\u00fdzva \u010d. 47 &#8211; za\u0159azeno jako n\u00e1hradn\u00ed projekt<\/li>\n<li>Projekt Plav\u00e1n\u00ed M\u0160MT &#8211; Plov\u00e1n\u00ed v zubersk\u00e9m \u0161kolstv\u00ed<\/li>\n<li>\u0160ablony II &#8211; projekt M\u0160MT &#8211; Podpora \u0161kol formou projekt\u016f zjednodu\u0161en\u00e9ho vykazov\u00e1n\u00ed \u2013 \u0160ablony pro M\u0160 a Z\u0160 II &#8211; <a href=\"http:\/\/www.zszubri.cz\/?page_id=6383\" target=\"_blank\" rel=\"noopener noreferrer\">informace zde<\/a><\/li>\n<li>\u0160ablony III &#8211; projekt M\u0160MT &#8211; Podpora \u0161kol formou projekt\u016f zjednodu\u0161en\u00e9ho vykazov\u00e1n\u00ed \u2013 \u0160ablony pro M\u0160 a Z\u0160 III &#8211; <a href=\"https:\/\/www.zszubri.cz\/?page_id=18489\">informace zde<\/a><\/li>\n<li>\u0160ablony IV &#8211; JAK &#8211; projekt M\u0160MT &#8211; Podpora \u0161kol formou projekt\u016f zjednodu\u0161en\u00e9ho vykazov\u00e1n\u00ed \u2013 \u0160ablony pro M\u0160 a Z\u0160 IV &#8211; <a href=\"https:\/\/www.zszubri.cz\/?page_id=20389\">informace zde<\/a><\/li>\n<li>Projekt Digitalizace z pl\u00e1nu N\u00e1rodn\u00ed obnovy &#8211; <a href=\"https:\/\/www.zszubri.cz\/?page_id=22820\" target=\"_blank\" rel=\"noopener\">informace zde<\/a><\/li>\n<li>projekt \u0160ablony V JAK2 &#8211; projekt M\u0160MT &#8211; <a href=\"https:\/\/www.zszubri.cz\/?page_id=23541\">informace zde<\/a><\/li>\n<\/ul>\n<hr>\n<p>&nbsp;<\/p>\n<p><strong>JIN\u00c9 PROJEKTY S NA\u0160\u00cd \u00da\u010cAST\u00cd:<\/strong><\/p>\n<p>STONO\u017dKA &#8211; v\u00edce informac\u00ed <a title=\"STONO\u017dKA\" href=\"http:\/\/www.zszubri.cz\/?page_id=85\">zde<\/a><br \/>\nRECYKLOHRAN\u00cd<br \/>\nBOJOVN\u00cdCI PROTI TOTALIT\u011a<br \/>\nEKO\u0160KOLA<\/p>\n","protected":false},"excerpt":{"rendered":"<p>Z\u0160 Zub\u0159\u00ed \u00fa\u010dastn\u00ed t\u011bchto projekt\u016f: P\u0158IJATO A REALIZOV\u00c1NO: Projekt EVVO &#8211; Praktick\u00e1 v\u00fduka EVVO na Z\u0160 Zub\u0159\u00ed &#8211; financuje K\u00da Zl\u00edn Projekt OPVKEU &#8211; informace zde Projekt EU Penize do \u0161kol &#8211; pod\u00e1no srpen 2010 &#8211; p\u0159ijato realizov\u00e1no od ledna 2011 &#8211; informace zde Projekt v\u00fdzva 56 &#8211; informace zde Hodina pohybu nav\u00edc &#8211; informace zde \u0160ablony &#8211; projekt M\u0160MT &#8211; Podpora \u0161kol formou projekt\u016f zjednodu\u0161en\u00e9ho vykazov\u00e1n\u00ed \u2013 \u0160ablony pro M\u0160 a Z\u0160 I&nbsp; v\u00fdzva \u010d. 22 &#8211; informace zde Projekt IROP &#8211; v\u00fdzva \u010d. 47 &#8211; za\u0159azeno jako n\u00e1hradn\u00ed projekt Projekt Plav\u00e1n\u00ed M\u0160MT &#8211; Plov\u00e1n\u00ed v zubersk\u00e9m \u0161kolstv\u00ed \u0160ablony II &#8211; projekt M\u0160MT &#8211; Podpora \u0161kol formou projekt\u016f zjednodu\u0161en\u00e9ho vykazov\u00e1n\u00ed \u2013 \u0160ablony pro M\u0160 a Z\u0160 II &#8211; informace zde \u0160ablony III &#8211; projekt M\u0160MT &#8211; Podpora \u0161kol formou projekt\u016f zjednodu\u0161en\u00e9ho vykazov\u00e1n\u00ed \u2013 \u0160ablony pro M\u0160 a Z\u0160 III &#8211; informace zde \u0160ablony IV &#8211; JAK &#8211; projekt M\u0160MT &#8211; Podpora \u0161kol formou projekt\u016f zjednodu\u0161en\u00e9ho vykazov\u00e1n\u00ed \u2013 \u0160ablony pro M\u0160 a Z\u0160 IV &#8211; informace zde Projekt Digitalizace z pl\u00e1nu N\u00e1rodn\u00ed obnovy &#8211; informace zde projekt \u0160ablony V JAK2 &#8211; projekt M\u0160MT &#8211; informace zde &nbsp; JIN\u00c9 PROJEKTY S NA\u0160\u00cd \u00da\u010cAST\u00cd: STONO\u017dKA &#8211; v\u00edce informac\u00ed zde RECYKLOHRAN\u00cd BOJOVN\u00cdCI PROTI TOTALIT\u011a EKO\u0160KOLA<\/p>\n","protected":false},"author":1,"featured_media":0,"parent":132,"menu_order":0,"comment_status":"closed","ping_status":"closed","template":"","meta":{"ngg_post_thumbnail":0,"footnotes":""},"acf":[],"_links":{"self":[{"href":"https:\/\/www.zszubri.cz\/index.php?rest_route=\/wp\/v2\/pages\/142"}],"collection":[{"href":"https:\/\/www.zszubri.cz\/index.php?rest_route=\/wp\/v2\/pages"}],"about":[{"href":"https:\/\/www.zszubri.cz\/index.php?rest_route=\/wp\/v2\/types\/page"}],"author":[{"embeddable":true,"href":"https:\/\/www.zszubri.cz\/index.php?rest_route=\/wp\/v2\/users\/1"}],"replies":[{"embeddable":true,"href":"https:\/\/www.zszubri.cz\/index.php?rest_route=%2Fwp%2Fv2%2Fcomments&post=142"}],"version-history":[{"count":20,"href":"https:\/\/www.zszubri.cz\/index.php?rest_route=\/wp\/v2\/pages\/142\/revisions"}],"predecessor-version":[{"id":23544,"href":"https:\/\/www.zszubri.cz\/index.php?rest_route=\/wp\/v2\/pages\/142\/revisions\/23544"}],"up":[{"embeddable":true,"href":"https:\/\/www.zszubri.cz\/index.php?rest_route=\/wp\/v2\/pages\/132"}],"wp:attachment":[{"href":"https:\/\/www.zszubri.cz\/index.php?rest_route=%2Fwp%2Fv2%2Fmedia&parent=142"}],"curies":[{"name":"wp","href":"https:\/\/api.w.org\/{rel}","templated":true}]}}