{"id":17348,"date":"2020-07-19T14:48:53","date_gmt":"2020-07-19T12:48:53","guid":{"rendered":"https:\/\/www.zszubri.cz\/?page_id=17348"},"modified":"2020-07-19T14:53:36","modified_gmt":"2020-07-19T12:53:36","slug":"prohlaseni-o-pristupnosti","status":"publish","type":"page","link":"https:\/\/www.zszubri.cz\/?page_id=17348","title":{"rendered":"PROHL\u00c1\u0160EN\u00cd O P\u0158\u00cdSTUPNOSTI"},"content":{"rendered":"\n<div class=\"col-md-7 col-sm-6 detail\">\n<h1>Prohl\u00e1\u0161en\u00ed o p\u0159\u00edstupnosti<\/h1>\n<p>Forma zve\u0159ej\u0148ovan\u00fdch informac\u00ed je v souladu s vyhl\u00e1\u0161kou \u010d. 64\/2008 Sb., o form\u011b uve\u0159ej\u0148ov\u00e1n\u00ed informac\u00ed souvisej\u00edc\u00edch s v\u00fdkonem ve\u0159ejn\u00e9 spr\u00e1vy prost\u0159ednictv\u00edm webov\u00fdch str\u00e1nek pro osoby se zdravotn\u00edm posti\u017een\u00edm (vyhl\u00e1\u0161ka o p\u0159\u00edstupnosti), a spl\u0148uje v\u0161echna pravidla uveden\u00e1 v p\u0159\u00edloze t\u00e9to vyhl\u00e1\u0161ky a je t\u00e9\u017e v souladu s metodikou <a title=\"[nov\u00e9 okno]\" href=\"http:\/\/www.blindfriendly.cz\/doc\/bfw.php\">Blind friendly web<\/a> a metodikou <a title=\"[nov\u00e9 okno]\" href=\"http:\/\/www.w3.org\/TR\/WCAG\/\">WCAG 2.0<\/a><\/p>\n<h2>V\u00fdjimky z p\u0159\u00edstupnosti<\/h2>\n<ul>\n<li>extern\u00ed aplikace, skripty a odkazy na dom\u00e9n\u011b<\/li>\n<\/ul>\n<h2>Kl\u00e1vesov\u00e9 zkratky<\/h2>\n<p><kbd>Alt + S<\/kbd> &#8211; P\u0159esko\u010dit na obsah \u010dl\u00e1nku<br><kbd>Alt + 1<\/kbd> &#8211; <a title=\"Zl\u00ednsk\u00fd kraj - Ofici\u00e1ln\u00ed internetov\u00fd port\u00e1l Zl\u00ednsk\u00e9ho kraje\" href=\"https:\/\/www.zszubri.cz\/\" target=\"_blank\" rel=\"noopener noreferrer\">\u00favodn\u00ed str\u00e1nka<\/a><br><kbd>Alt + 2<\/kbd> &#8211; <a title=\"Mapa str\u00e1nek - Zl\u00ednsk\u00fd kraj\" href=\"https:\/\/www.zszubri.cz\/?page_id=54\">mapa str\u00e1nek<\/a><br><kbd>Alt + 3<\/kbd> &#8211; vyhled\u00e1v\u00e1c\u00ed pole<br><kbd>Alt + 4<\/kbd> &#8211; <a href=\"https:\/\/www.zszubri.cz\/?page_id=17348\">prohl\u00e1\u0161en\u00ed o p\u0159\u00edstupnosti<\/a><br><kbd>Alt + 5<\/kbd> &#8211; <a title=\"Kontakty - Zl\u00ednsk\u00fd kraj\" href=\"https:\/\/www.zszubri.cz\/?page_id=140\">kontakty<\/a><\/p>\n<h2>Informace prezentovan\u00e9 v jin\u00fdch form\u00e1tech<\/h2>\n<p>Na tomto webu jsou n\u011bkter\u00e9 informace dostupn\u00e9 v jin\u00e9 ne\u017e textov\u00e9 \u010di hypertextov\u00e9 podob\u011b. Mohou vyskytnout v t\u011bchto form\u00e1tech:<\/p>\n<ul>\n<li>PDF &#8211; pro tento form\u00e1t je voln\u011b ke sta\u017een\u00ed prohl\u00ed\u017ee\u010d <a title=\"Adobe Acrobat Family\" href=\"http:\/\/www.adobe.com\/products\/acrobat\/main.html\">Adobe Acrobat Reader<\/a>.<\/li>\n<li>DOC, XLS, PPT, DOCX, XLSX, PPTX &#8211; spole\u010dnost Microsoft poskytuje ke sv\u00fdm produkt\u016fm \u0159ady Office voln\u011b ke sta\u017een\u00ed prohl\u00ed\u017ee\u010de <a href=\"http:\/\/office.microsoft.com\/cs-cz\/\">(DOC, XLS, PPT)<\/a>, <a href=\"http:\/\/www.microsoft.com\/downloads\/results.aspx?pocId=9&amp;freetext=&amp;DisplayLang=cs\">(DOCX, XLSX, PPTX)<\/a>.<\/li>\n<li>ZIP &#8211; n\u011bkter\u00e9 dokumenty mohou b\u00fdt z d\u016fvodu velikosti komprimov\u00e1ny. Na internetu je <a href=\"http:\/\/www.google.com\/search?q=ZIP\">velk\u00e9 mno\u017estv\u00ed<\/a> program\u016f, kter\u00e9 dok\u00e1\u017eou tento form\u00e1t dekomprimovat.<\/li>\n<\/ul>\n<p>V p\u0159\u00edpad\u011b, \u017ee V\u00e1\u0161 opera\u010dn\u00ed syst\u00e9m nepodporuje instalaci t\u011bchto prohl\u00ed\u017ee\u010d\u016f, kontaktujte emailem nebo telefonicky spr\u00e1vce syst\u00e9mu : mixl@zszubri.onmicrosoft.com tel. : +420 571 658 920 a domluvte s n\u00edm zasl\u00e1n\u00ed souboru v jin\u00e9m form\u00e1tu, p\u0159\u00edpadn\u011b od n\u011bho zdarma vy\u017e\u00e1dejte dal\u0161\u00ed informace.<\/p>\n<\/div>\n","protected":false},"excerpt":{"rendered":"","protected":false},"author":1,"featured_media":0,"parent":0,"menu_order":0,"comment_status":"closed","ping_status":"closed","template":"","meta":{"ngg_post_thumbnail":0,"footnotes":""},"acf":[],"_links":{"self":[{"href":"https:\/\/www.zszubri.cz\/index.php?rest_route=\/wp\/v2\/pages\/17348"}],"collection":[{"href":"https:\/\/www.zszubri.cz\/index.php?rest_route=\/wp\/v2\/pages"}],"about":[{"href":"https:\/\/www.zszubri.cz\/index.php?rest_route=\/wp\/v2\/types\/page"}],"author":[{"embeddable":true,"href":"https:\/\/www.zszubri.cz\/index.php?rest_route=\/wp\/v2\/users\/1"}],"replies":[{"embeddable":true,"href":"https:\/\/www.zszubri.cz\/index.php?rest_route=%2Fwp%2Fv2%2Fcomments&post=17348"}],"version-history":[{"count":5,"href":"https:\/\/www.zszubri.cz\/index.php?rest_route=\/wp\/v2\/pages\/17348\/revisions"}],"predecessor-version":[{"id":17353,"href":"https:\/\/www.zszubri.cz\/index.php?rest_route=\/wp\/v2\/pages\/17348\/revisions\/17353"}],"wp:attachment":[{"href":"https:\/\/www.zszubri.cz\/index.php?rest_route=%2Fwp%2Fv2%2Fmedia&parent=17348"}],"curies":[{"name":"wp","href":"https:\/\/api.w.org\/{rel}","templated":true}]}}