{"id":180,"date":"2013-03-21T16:38:38","date_gmt":"2013-03-21T16:38:38","guid":{"rendered":"http:\/\/www.zszubri.cz\/?page_id=180"},"modified":"2026-02-25T14:47:18","modified_gmt":"2026-02-25T13:47:18","slug":"rocni-plan","status":"publish","type":"page","link":"https:\/\/www.zszubri.cz\/?page_id=180","title":{"rendered":"RO\u010cN\u00cd PL\u00c1N PORAD  A TS"},"content":{"rendered":"<p>pl\u00e1n PR -1.pol. 2025-26 : <a href=\"https:\/\/www.zszubri.cz\/?attachment_id=23521\" rel=\"attachment wp-att-23521\">Pl\u00e1n PR &#8211; 1.p. 2025-26<\/a><\/p>\n<p>pl\u00e1n PR 2. pol. 2025-26 :&nbsp; <a href=\"https:\/\/www.zszubri.cz\/?attachment_id=24067\" rel=\"attachment wp-att-24067\">Pl\u00e1n PR 2. p. 2025-26<\/a><\/p>\n<p>Organizace \u0161koln\u00edho roku : <a href=\"https:\/\/msmt.gov.cz\/vzdelavani\/organizace-skolniho-roku-2025-2026-v-zs-ss-zus-a-1\" target=\"_blank\" rel=\"noopener\">odkaz M\u0160MT &nbsp;<\/a><\/p>\n\n\n<p><\/p>\n\n\n\n<p><\/p>\n","protected":false},"excerpt":{"rendered":"<p>pl\u00e1n PR -1.pol. 2025-26 : Pl\u00e1n PR &#8211; 1.p. 2025-26 pl\u00e1n PR 2. pol. 2025-26 :&nbsp; Pl\u00e1n PR 2. p. 2025-26 Organizace \u0161koln\u00edho roku : odkaz M\u0160MT &nbsp;<\/p>\n","protected":false},"author":1,"featured_media":0,"parent":134,"menu_order":0,"comment_status":"closed","ping_status":"closed","template":"","meta":{"ngg_post_thumbnail":0,"footnotes":""},"acf":[],"_links":{"self":[{"href":"https:\/\/www.zszubri.cz\/index.php?rest_route=\/wp\/v2\/pages\/180"}],"collection":[{"href":"https:\/\/www.zszubri.cz\/index.php?rest_route=\/wp\/v2\/pages"}],"about":[{"href":"https:\/\/www.zszubri.cz\/index.php?rest_route=\/wp\/v2\/types\/page"}],"author":[{"embeddable":true,"href":"https:\/\/www.zszubri.cz\/index.php?rest_route=\/wp\/v2\/users\/1"}],"replies":[{"embeddable":true,"href":"https:\/\/www.zszubri.cz\/index.php?rest_route=%2Fwp%2Fv2%2Fcomments&post=180"}],"version-history":[{"count":52,"href":"https:\/\/www.zszubri.cz\/index.php?rest_route=\/wp\/v2\/pages\/180\/revisions"}],"predecessor-version":[{"id":24068,"href":"https:\/\/www.zszubri.cz\/index.php?rest_route=\/wp\/v2\/pages\/180\/revisions\/24068"}],"up":[{"embeddable":true,"href":"https:\/\/www.zszubri.cz\/index.php?rest_route=\/wp\/v2\/pages\/134"}],"wp:attachment":[{"href":"https:\/\/www.zszubri.cz\/index.php?rest_route=%2Fwp%2Fv2%2Fmedia&parent=180"}],"curies":[{"name":"wp","href":"https:\/\/api.w.org\/{rel}","templated":true}]}}