{"id":18531,"date":"2021-08-08T16:40:16","date_gmt":"2021-08-08T14:40:16","guid":{"rendered":"https:\/\/www.zszubri.cz\/?page_id=18531"},"modified":"2021-09-01T12:41:54","modified_gmt":"2021-09-01T10:41:54","slug":"informace-pro-zakonne-zastupce-a-zakyne-zaky-ohledne-jednotneho-vyukoveho-prostredi-vzdalene-vyuky-jvpvv","status":"publish","type":"page","link":"https:\/\/www.zszubri.cz\/?page_id=18531","title":{"rendered":"INFORMACE PRO Z\u00c1KONN\u00c9 Z\u00c1STUPCE A \u017d\u00c1KYN\u011a\/\u017d\u00c1KY OHLEDN\u011a JEDNOTN\u00c9HO V\u00ddUKOV\u00c9HO PROST\u0158ED\u00cd VZD\u00c1LEN\u00c9 V\u00ddUKY (JVPVVX)"},"content":{"rendered":"\n<header class=\"entry-header \"><\/header>\n<div class=\"entry-content\">\n<ul>\n<li>\n<h3><strong>KONKR\u00c9TN\u00cd INFORMACE PRO \u0160KOLN\u00cd ROK 2021\/2022<\/strong><\/h3>\n<\/li>\n<\/ul>\n<p>U\u017eivatel\u00e9 z minul\u00e9ho \u0161koln\u00edho roku (nyn\u011bj\u0161\u00ed 2. &#8211; 9. ro\u010dn\u00edky a jejich z\u00e1konn\u00ed z\u00e1stupci) maj\u00ed ponech\u00e1no sv\u00e9 prost\u0159ed\u00ed &#8211; jm\u00e9no, heslo, prost\u0159ed\u00ed, licence, aplikace:<\/p>\n<ul>\n<li>rodi\u010de &#8211; dm software<\/li>\n<li>\u017e\u00e1ci &#8211; Office365<\/li>\n<\/ul>\n<p>TU t\u0159\u00edd a v\u0161ichni vyu\u010duj\u00edc\u00edc budou pov\u011b\u0159eni nastaven\u00edm sv\u00e9ho v\u00fdukov\u00e9ho prost\u0159ed\u00ed a vykonaj\u00ed zku\u0161ebn\u00ed komunikaci \u010di v\u00fduku v dan\u00e9m term\u00ednu po dohod\u011b s \u017e\u00e1ky a rodi\u010di.<\/p>\n<hr>\n<p>B\u011bhem z\u00e1\u0159\u00ed 2021 budou zprovozn\u011bny do funk\u010dn\u00ed podoby oba kan\u00e1ly pro \u017e\u00e1ky a \u017e\u00e1kyn\u011b 1. ro\u010dn\u00edk\u016f a takt\u00e9\u017e prost\u0159ed\u00ed pro jejich z\u00e1konn\u00e9 z\u00e1stupce ve spolupr\u00e1ci s TU.<\/p>\n<p>Nov\u011b p\u0159\u00edchoz\u00ed \u017e\u00e1ci a jin\u00e9 v\u00fdjimka budou \u0159ee\u0161eny aktu\u00e1ln\u011b a jednotliv\u011b spr\u00e1vcem syst\u00e9mu.<\/p>\n<p>Ve v\u0161ech mo\u017enostech uveden\u00fdch v\u00fd\u0161e se v p\u0159\u00edpad\u011b poruchy \u010di jin\u00e9 technick\u00e9 obt\u00ed\u017ee ( heslo, jm\u00e9no, nefunk\u010dnost apod.) obracejte na email: mixl@zszubri.onmicrosoft.com. SPECIFIKUJTE POT\u00cd\u017dE&nbsp; A PROVE\u010eTE IDENTIFIKACI !!!!&nbsp; (jm\u00e9no, p\u0159\u00edjmen\u00ed, t\u0159\u00edda, telefonn\u00ed \u010d\u00edslo nebo e-mail). \u017d\u00e1dosti jsou vy\u0159izov\u00e1ny v po\u0159ad\u00ed jak p\u0159ich\u00e1zej\u00ed, v\u011bt\u0161inou do 24 hodin po ove\u0159en\u00ed opr\u00e1vn\u011bnosti po\u017eadavku.<\/p>\n<hr>\n<p>Vzhledem ke st\u00e1le nedostate\u010dn\u00e9 p\u0159ipravenosti pro v\u00fdhradn\u00ed elektronickou komunikaci ( jak ze strany \u0161koly, tak ze strany nez\u016f\u010dastn\u011bn\u00fdch \u010di nepreferuj\u00edc\u00edch rodi\u010d\u016f) pob\u011b\u017e\u00ed ve \u0161koln\u00edm roce 2021\/22 st\u00e1le paraleln\u00ed struktura komunikace. \u017d\u00e1kyn\u011b a \u017e\u00e1ci obdr\u017e\u00ed \u017e\u00e1kovskou kn\u00ed\u017eku (den\u00ed\u010dek, moje z\u00e1znamy) v listinn\u00e9 podob\u011b a zde budou vedeny z\u00e1pisy zn\u00e1mek, omluvenek a dal\u0161\u00ed informace v dob\u011b b\u011b\u017en\u00e9 prezen\u010dn\u00ed v\u00fduky. \u017dK nen\u00ed v dob\u011b distan\u010dn\u00ed v\u00fduky vedena !<\/p>\n<p>Elektronick\u00e9 prost\u0159ed\u00ed (omluvenky, hodnocen\u00ed, zpr\u00e1vy &#8211; informace, zad\u00e1v\u00e1n\u00ed pr\u00e1ce a dom\u00e1c\u00ed p\u0159\u00edpravy) bude u\u017e\u00edv\u00e1no prim\u00e1rn\u011b jako hlavn\u00ed pouze v dob\u011b distan\u010dn\u00ed v\u00fduky. V obdob\u00ed prezen\u010dn\u00ed v\u00fduky bude vedeno jen jako sekund\u00e1rn\u00ed, doprovodn\u00fd n\u00e1stroj hodnocen\u00ed a voliteln\u00fd prost\u0159edek komunikace a omlouv\u00e1n\u00ed \u017e\u00e1k\u016f\/ky\u0148.<\/p>\n<\/div>\n<hr>\n<div class=\"entry-content\">\n<ul>\n<li>\n<h3><strong>OBECN\u00c9 INFORMACE&nbsp; <\/strong><\/h3>\n<\/li>\n<\/ul>\n<p>\u0160kola nep\u0159ece\u0148uje v\u00fdznam on-line vzd\u011bl\u00e1v\u00e1n\u00ed a on-line komunikace a zpracov\u00e1n\u00ed a vid\u00ed jej jako druhotn\u00fd, dopl\u0148kov\u00fd. Hlavn\u00edm c\u00edlem z\u0159\u00edzen\u00ed a pou\u017e\u00edv\u00e1n\u00ed t\u011bchto syst\u00e9mu bude <strong>NUTNOST POU\u017dIT\u00cd V KRIZOV\u00ddCH, VYJ\u00cdME\u010cN\u00ddCH STAVECH \u010cI JINAK SPECIFIKOVAN\u00ddCH OKOLNOSTECH.<\/strong> Jedn\u00e1 se st\u00e1le o <strong>z\u00e1lo\u017en\u00ed syst\u00e9my,<\/strong> \u0161kola hodl\u00e1 setrvat u osv\u011bd\u010den\u00fdch a ji\u017e zaveden\u00fdch metod, kter\u00e9 berou v \u00favahu i soci\u00e1ln\u00ed, materi\u00e1ln\u00ed, osobnostn\u00ed, psychologick\u00e9 a hygienick\u00e9 prvky v\u00fduky a vzd\u011bl\u00e1v\u00e1n\u00ed, kter\u00fdmi on-line v\u00fduka neopl\u00fdv\u00e1 nebo j\u00ed p\u0159\u00edmo chyb\u00ed.<\/p>\n<p>D\u016fvody tohoto postoje jsou n\u00e1sleduj\u00edc\u00ed :<\/p>\n<ul>\n<li>mo\u017en\u00e1 ztr\u00e1ta dynamick\u00e9 efektivn\u011bj\u0161\u00ed a p\u0159itom citliv\u00e9 komunikace spojen\u00e9 s osobn\u00ed n\u00e1v\u0161t\u011bvou<\/li>\n<li>technicko \u2013 materi\u00e1ln\u00ed nesn\u00e1ze \u2013 mnoho u\u017eivatel\u016f (\u017e\u00e1ci, rodi\u010de, u\u010ditel\u00e9) nemaj\u00ed a ani nemus\u00ed m\u00edt kompetence k tomuto typu komunikace, \u0161kola po sv\u00fdch klientech \u017e\u00e1d\u00e1 po\u0159\u00edzen\u00ed nadstandardn\u00edho vybaven\u00ed technikou, \u0161kola by musela udr\u017eovat st\u00e1l\u00fd funk\u010dn\u00ed syst\u00e9m, u kter\u00e9ho je nep\u0159\u00edzniv\u00fd pom\u011br finan\u010dn\u00ed n\u00e1ro\u010dnost\/v\u00fdkon\/p\u0159inosnost, doch\u00e1zelo by tak\u00e9 k \u010dasov\u00e9mu n\u00e1r\u016fstu obsluhy\/slu\u017eby a nutn\u00e9mu zdvojen\u00ed kan\u00e1l\u016f (p\u00edsemn\u011b, elektronicky).<\/li>\n<li>mo\u017en\u00fd p\u0159\u00ednos v podob\u011b jednotn\u00e9ho a syst\u00e9mov\u00e9ho p\u0159\u00edstupu nen\u00ed zdaleka vyv\u00e1\u017een \u010dasovou, technickou i koncep\u010dn\u00ed n\u00e1ro\u010dnost\u00ed po\u0159izov\u00e1n\u00ed dat a jejich v\u00fdm\u011bny spojenou i s bezpe\u010dnostn\u00edm a organiza\u010dn\u00edm rizikem<\/li>\n<li>&nbsp;<\/li>\n<\/ul>\n<p>N\u011bkter\u00e9 probl\u00e9mov\u00e9 situace m\u016f\u017ee \u0161koly po dohod\u011b \u0159e\u0161it vlastn\u00edmi prost\u0159edky \u2013 zap\u016fj\u010den\u00ed techniky, individu\u00e1ln\u00ed konzultace a p\u0159\u00edstup apod.. Celkov\u011b je v\u0161ak t\u00edha b\u0159emene elektronick\u00e9 v\u00fduky rovnom\u011brn\u011b rozd\u011blena mezi \u0161kolu, \u017e\u00e1ky\/kyn\u011b a jeji z\u00e1konn\u00e9 z\u00e1stupce na z\u00e1klad\u011b platn\u00e9 z\u00e1konn\u00e9 legislativy.<\/p>\n<ul>\n<li>\n<h3><strong>OFFICE365<br><\/strong><\/h3>\n<\/li>\n<\/ul>\n<hr>\n<p><strong>Informace pro registraci do syst\u00e9mu Office365:<\/strong><\/p>\n<p><strong>Pro ji\u017e registrovan\u00e9 a platn\u00e9 u\u017eivatele z\u016fst\u00e1vaj\u00ed v platnosti u\u017e\u00edvan\u00e9 \u00fadaje, pro nov\u00e9 u\u017eivatele plat\u00ed, \u017ee zaslan\u00e9 p\u0159\u00edstupov\u00e9 \u00fadaje budou v obou p\u0159\u00edpadech jednor\u00e1zov\u00e9, je nutn\u00e1 jejich zm\u011bna resp. dokon\u010den\u00ed procesu registrace a prvn\u00edho p\u0159ihl\u00e1\u0161en\u00ed, kter\u00e9 jsou ji\u017e v\u0161ak na stran\u011b a v odpov\u011bdnosti u\u017eivatele\/z\u00e1konn\u00e9ho z\u00e1stupce<\/strong>.<\/p>\n<p><strong>S<\/strong>tr\u00e1nka pro p\u0159ihl\u00e1\u0161en\u00ed: <a href=\"http:\/\/www.office.com\"><strong>www.office.com<\/strong><\/a><\/p>\n<ul>\n<li>u\u017eivatel : bude\/je sd\u011bleno jen dan\u00e9mu u\u017eivateli&nbsp;&nbsp;&nbsp;&nbsp;&nbsp; t\u0159\u00edda: XX.Y&nbsp; &nbsp; &nbsp; &nbsp; &nbsp; &nbsp;&nbsp;<\/li>\n<li>u\u017eiv.jm\u00e9no: <strong>zakXXX@zszubri.onmicrosoft.com<\/strong><\/li>\n<li>heslo:&nbsp;&nbsp; jednor\u00e1zov\u00e9 heslo pro nov\u00e9 u\u017eivatele s vynucen\u00edm zm\u011bny hesla nebo st\u00e1vaj\u00edc\u00ed heslo pro ji\u017e registrovan\u00e9.<\/li>\n<\/ul>\n<p>\u010casem je\/bude u v\u011bt\u0161iny aktivn\u00edch u\u017eivatel\u016f&nbsp; vynucena zm\u011bna hesla v duchu bezpe\u010dnosti velk\u00e1, mal\u00e1 p\u00edsmena + \u010d\u00edslice, celkem min. 8 znak\u016f, spr\u00e1va hesla je ve va\u0161\u00ed spr\u00e1v\u011b, je mo\u017eno si nastavit resetov\u00e1n\u00ed hesla na vlastn\u00ed email, \u010dt\u011bte, pros\u00edm, pozorn\u011b informace p\u0159i prvotn\u00edm p\u0159ihl\u00e1\u0161en\u00ed, p\u0159\u00edpadn\u011b p\u0159i dal\u0161\u00edch p\u0159ihl\u00e1\u0161en\u00edch !<br>D\u00e1le pak si \u00fadaje poznamenejte a uschovejte pro dal\u0161\u00ed u\u017eit\u00ed ! <br>V p\u0159\u00edpad\u011b technick\u00fdch obt\u00ed\u017e\u00ed kontaktujte spr\u00e1vce : <a href=\"mailto:mixl@zszubri.onmicrosoft.com\">mixl@zszubri.onmicrosoft.com<\/a> . Informace a syst\u00e9m ur\u010den p\u0159edev\u0161\u00edm pro u\u017e\u00edv\u00e1n\u00ed \u017e\u00e1ky ve&nbsp;slu\u017eb\u00e1ch Office365, rodi\u010de budou elektronicky upozorn\u011bni na v\u00fddej hesel a p\u0159\u00edpadn\u00e9 zah\u00e1jen\u00ed re\u017eimu spu\u0161t\u011bn\u00ed distan\u010dn\u00ed on-line v\u00fduky.<\/p>\n<hr>\n<p><strong><a href=\"https:\/\/support.microsoft.com\/cs-cz\/office\/%C3%BAvodn%C3%AD-p%C5%99%C3%ADru%C4%8Dky-k-office-25f909da-3e76-443d-94f4-6cdf7dedc51e\" target=\"_blank\" rel=\"noopener noreferrer\">p\u0159\u00edru\u010dky MS OFFICE365<\/a><\/strong><\/p>\n<hr>\n<p>Alespo\u0148 jeden z\u00e1konn\u00fd z\u00e1stupce \u017e\u00e1kyn\u011b\/\u017e\u00e1ka 1. ro\u010dn\u00edku a nov\u00fdch \u017e\u00e1k\u016f obdr\u017e\u00ed informaci s p\u0159ihla\u0161ovac\u00edmi \u00fadaji nutn\u00fdmi k p\u0159\u00edstupu do \u0161koln\u00edho syst\u00e9mu. Odkaz pro p\u0159\u00edstup : <a href=\"https:\/\/www.office.com\/\">https:\/\/www.office.com\/<\/a>.&nbsp; Za norm\u00e1ln\u00edch podm\u00ednek bude tento proces sou\u010d\u00e1st\u00ed p\u0159\u00edpravn\u00e9ho a \u00favodn\u00edho t\u00fddne nov\u00e9ho \u0161koln\u00edho roku.<\/p>\n<p><strong>V\u00edce informac\u00ed naleznete tak\u00e9 na odkazu <a href=\"https:\/\/www.zszubri.cz\/?page_id=18560\">Office 365<\/a>.<br><\/strong><\/p>\n<hr>\n<ul>\n<li><strong>DMSOFTWARE<\/strong><\/li>\n<\/ul>\n<p>D\u00e1le do\u0161lo od 2020 k vytvo\u0159en\u00ed dvou <strong>nez\u00e1visl\u00fdch komunika\u010dn\u00edch kan\u00e1l\u016f pro rodi\u010de\/ z\u00e1konn\u00e9 z\u00e1stupce.<\/strong> Jedn\u00e1 se o <strong>SMS br\u00e1nu<\/strong> komunikuj\u00edc\u00ed s nahl\u00e1\u0161en\u00fdmi telefonn\u00edmi \u010d\u00edsly ( ji\u017e ve funk\u010dn\u00edm a ov\u011b\u0159en\u00e9m provozu) a d\u00e1le o <strong>syst\u00e9m \u0161koln\u00ed agendy dm software<\/strong> \u2013 \u0161kola online \u2013&nbsp; <a href=\"https:\/\/portal.dmsoftware.cz\/\" target=\"_blank\" rel=\"noopener noreferrer\">https:\/\/portal.dmsoftware.cz\/<\/a>.<\/p>\n<hr>\n<p><strong>Pro ji\u017e platn\u00e9 registrovan\u00e9 u\u017eivatele z\u016fst\u00e1vaj\u00ed v platnosti u\u017e\u00edvan\u00e9 \u00fadaje.<\/strong><\/p>\n<p><strong>Pro nov\u00e9 u\u017eivatele plat\u00ed, \u017ee zaslan\u00e9 p\u0159\u00edstupov\u00e9 \u00fadaje (v\u017edy SMS br\u00e1na) budou v obou p\u0159\u00edpadech jednor\u00e1zov\u00e9, je nutn\u00e1 jejich zm\u011bna resp. dokon\u010den\u00ed procesu registrace a prvn\u00edho p\u0159ihl\u00e1\u0161en\u00ed, kter\u00e9 jsou ji\u017e v\u0161ak na stran\u011b a v odpov\u011bdnosti u\u017eivatele\/z\u00e1konn\u00e9ho z\u00e1stupce<\/strong>. <a href=\"https:\/\/www.zszubri.cz\/?p=17466\">Registrace&nbsp; do syst\u00e9mu dmsoftware \u2013 informace zde<\/a><\/p>\n<p><strong><a href=\"https:\/\/aplikace.dmsoftware.cz\/SOL\/dokumentace\/DM\/verejnost\/\" target=\"_blank\" rel=\"noopener noreferrer\">p\u0159\u00edru\u010dka DMsoftware<\/a><\/strong><\/p>\n<p>&nbsp;<\/p>\n<\/div>\n","protected":false},"excerpt":{"rendered":"","protected":false},"author":1,"featured_media":0,"parent":0,"menu_order":0,"comment_status":"closed","ping_status":"closed","template":"","meta":{"ngg_post_thumbnail":0,"footnotes":""},"acf":[],"_links":{"self":[{"href":"https:\/\/www.zszubri.cz\/index.php?rest_route=\/wp\/v2\/pages\/18531"}],"collection":[{"href":"https:\/\/www.zszubri.cz\/index.php?rest_route=\/wp\/v2\/pages"}],"about":[{"href":"https:\/\/www.zszubri.cz\/index.php?rest_route=\/wp\/v2\/types\/page"}],"author":[{"embeddable":true,"href":"https:\/\/www.zszubri.cz\/index.php?rest_route=\/wp\/v2\/users\/1"}],"replies":[{"embeddable":true,"href":"https:\/\/www.zszubri.cz\/index.php?rest_route=%2Fwp%2Fv2%2Fcomments&post=18531"}],"version-history":[{"count":3,"href":"https:\/\/www.zszubri.cz\/index.php?rest_route=\/wp\/v2\/pages\/18531\/revisions"}],"predecessor-version":[{"id":18772,"href":"https:\/\/www.zszubri.cz\/index.php?rest_route=\/wp\/v2\/pages\/18531\/revisions\/18772"}],"wp:attachment":[{"href":"https:\/\/www.zszubri.cz\/index.php?rest_route=%2Fwp%2Fv2%2Fmedia&parent=18531"}],"curies":[{"name":"wp","href":"https:\/\/api.w.org\/{rel}","templated":true}]}}