{"id":20795,"date":"2023-08-11T22:15:23","date_gmt":"2023-08-11T20:15:23","guid":{"rendered":"https:\/\/www.zszubri.cz\/?page_id=20795"},"modified":"2023-08-11T22:45:29","modified_gmt":"2023-08-11T20:45:29","slug":"kontakni-formular","status":"publish","type":"page","link":"https:\/\/www.zszubri.cz\/?page_id=20795","title":{"rendered":"KONTAKTN\u00cd FORMUL\u00c1\u0158"},"content":{"rendered":"\n<p>Napi\u0161te n\u00e1m: <\/p>\n\n\n<div class=\"widget simplecontactformrevisited_widget\">\t\t\n\t\t<p style=\"display:none;\">Va?e zpr?va byla ?sp?n? odesl?na <br \/><strong>D?kujeme!<\/strong><\/p>\n\t\t<form class=\"contactform\" action=\"https:\/\/www.zszubri.cz\/wp-content\/plugins\/simple-contact-form-revisited-plugin\/assets\/wp-mailer.php\" method=\"post\" novalidate=\"novalidate\">\n\t\t\t<p><input type=\"text\" required=\"required\" id=\"contact_afe4cd1247e5e7c28f55a108ed4f6d24_name\" name=\"contact_afe4cd1247e5e7c28f55a108ed4f6d24_name\" class=\"text_input\" value=\"\" size=\"33\" tabindex=\"11\" \/>\n\t\t\t<label for=\"contact_afe4cd1247e5e7c28f55a108ed4f6d24_name\">Od :&nbsp;<span style=\"color: red;\">*<\/span><\/label><\/p>\n\t\t\t\n\t\t\t<p><input type=\"email\" required=\"required\" id=\"contact_afe4cd1247e5e7c28f55a108ed4f6d24_email\" name=\"contact_afe4cd1247e5e7c28f55a108ed4f6d24_email\" class=\"text_input\" value=\"\" size=\"33\" tabindex=\"12\"  \/>\n\t\t\t<label for=\"contact_afe4cd1247e5e7c28f55a108ed4f6d24_email\">Email :&nbsp;<span style=\"color: red;\">*<\/span><\/label><\/p>\n\t\t\t\n\t\t\t<p><textarea required=\"required\" name=\"contact_afe4cd1247e5e7c28f55a108ed4f6d24_content\" class=\"textarea\" cols=\"33\" rows=\"5\" tabindex=\"13\"><\/textarea><\/p>\n\t\t\t\n\t\t\t<p><input id=\"btn_afe4cd1247e5e7c28f55a108ed4f6d24\" type=\"submit\" value=\"Odeslat\" \/><\/p>\n\t\t\t<input type=\"hidden\" value=\"afe4cd1247e5e7c28f55a108ed4f6d24\" name=\"unique_widget_id\"\/>\n\t\t\t<input type=\"hidden\" value=\"enN6dWJyaVteLSotXl1yby5pbmV4dC5jeg==\" name=\"contact_afe4cd1247e5e7c28f55a108ed4f6d24_to\"\/>\n\t\t<\/form>\t\n\t\n\t\t<\/div>","protected":false},"excerpt":{"rendered":"<p>Napi\u0161te n\u00e1m:<\/p>\n","protected":false},"author":1,"featured_media":0,"parent":0,"menu_order":0,"comment_status":"closed","ping_status":"closed","template":"","meta":{"ngg_post_thumbnail":0,"footnotes":""},"acf":[],"_links":{"self":[{"href":"https:\/\/www.zszubri.cz\/index.php?rest_route=\/wp\/v2\/pages\/20795"}],"collection":[{"href":"https:\/\/www.zszubri.cz\/index.php?rest_route=\/wp\/v2\/pages"}],"about":[{"href":"https:\/\/www.zszubri.cz\/index.php?rest_route=\/wp\/v2\/types\/page"}],"author":[{"embeddable":true,"href":"https:\/\/www.zszubri.cz\/index.php?rest_route=\/wp\/v2\/users\/1"}],"replies":[{"embeddable":true,"href":"https:\/\/www.zszubri.cz\/index.php?rest_route=%2Fwp%2Fv2%2Fcomments&post=20795"}],"version-history":[{"count":3,"href":"https:\/\/www.zszubri.cz\/index.php?rest_route=\/wp\/v2\/pages\/20795\/revisions"}],"predecessor-version":[{"id":20811,"href":"https:\/\/www.zszubri.cz\/index.php?rest_route=\/wp\/v2\/pages\/20795\/revisions\/20811"}],"wp:attachment":[{"href":"https:\/\/www.zszubri.cz\/index.php?rest_route=%2Fwp%2Fv2%2Fmedia&parent=20795"}],"curies":[{"name":"wp","href":"https:\/\/api.w.org\/{rel}","templated":true}]}}